it of ((-20)/(-25))/((-5)/g)?
6
Let v(p) = 9*p**2 + 4*p + 76. Let q(z) = 4*z**2 + 2*z + 39. Let k(a) = 5*q(a) - 2*v(a). What is the units digit of k(12)?
5
Let n(s) = -s**3 - 20*s**2 - 12*s + 2. Let v be n(-13). Let d = v - -729. Let i = d + 414. What is the tens digit of i?
1
Let j(g) = 14*g - 64. Let n = -3 - -26. What is the hundreds digit of j(n)?
2
Let v(g) = -36*g + 20. Let x be (-6)/21 - (-410)/(-35). Let o be v(x). Suppose 0 = d + r - 43 - 64, 0 = -4*d + 4*r + o. What is the hundreds digit of d?
1
Let v = -69 + 69. Suppose 5*m = -2*b + 4, -4*b + v*m + 8 = m. Suppose -462 = -4*a + t, -b*t - 228 = -2*a - 0*t. What is the units digit of a?
6
Let d(y) be the second derivative of 5*y**4/12 - 11*y**2 + 13*y - 3. What is the tens digit of d(10)?
7
Suppose -1135 = 16*i - 11*i. What is the hundreds digit of (i/2)/(5 - 155/30)?
6
Let z be 42/(-4)*4/8*4. Let y be 11/((-154)/z)*(5 + 1). Suppose y*r - 3*r - 126 = 0. What is the tens digit of r?
2
Let g(a) = 8*a + 119. Let q be g(-14). Suppose 3*v + q*v = 400. What is the units digit of v?
0
Let z(p) = 12*p**2 + 2*p + 5205. What is the units digit of z(0)?
5
Let w(i) = -12*i + 11. Let n be w(3). Let a = 25 + n. What is the units digit of a/2 + 157 + 0 + -1?
6
Let c(i) = i**2 - 10*i + 9. Suppose 42 = 3*o - 3*q, 2*q + 1 = -o - 0*o. Let b be c(o). Suppose x - 5*x + 88 = b. What is the tens digit of x?
2
Suppose 28*n - 234784 - 104963 - 123793 = 0. What is the units digit of n?
5
What is the tens digit of -444*(320/(-15) + 11)?
8
Let a be (-2)/((-8)/(-82))*(15 + -53). Let n = -321 + a. Suppose -4*m - n = -5*s, -4*s + 385 = 3*m - 0*m. What is the tens digit of s?
9
Let m = 2825 - 406. What is the hundreds digit of m?
4
Let n(y) = 2*y**3 + 5*y**2 + 2*y + 1. Let t be n(-4). Let l = t + 252. What is the units digit of l?
7
Let j = 5242 + 3356. What is the thousands digit of j?
8
Let z = 5062 + 88650. What is the tens digit of z?
1
Let u(y) = 2*y**2 - 168*y - 12837. What is the ten thousands digit of u(-81)?
1
Let w = 94950 - 62342. What is the hundreds digit of w?
6
Let v be 8 + -8 - (0 + -3). Let r(c) = 5*c - 5. Let z be r(v). Suppose -z = 4*g - 362. What is the tens digit of g?
8
Let m(d) = -2*d - 2*d + 4 + 8. Suppose -80 = 262*k - 252*k. What is the tens digit of m(k)?
4
Let r = 168 - -150. Let u be ((3 - 0)/6)/(3/r). Let n = u + 10. What is the tens digit of n?
6
Let t(b) = 125*b**2 + 24*b + 130. Let h be t(-5). Suppose -490*q + 493*q = h. What is the tens digit of q?
4
Let m = -437 + 445. What is the tens digit of -7 + -3 + 594 + m?
9
Suppose -2712 = -3*h + 4*j, -4*j + 3089 = 3*h + 401. Suppose -3*r = -5*p + h, 5*r - 454 = -4*p + 266. What is the units digit of p?
0
Let w be 68 - 7/(-14)*6. What is the units digit of 6606/28 + w/994?
6
Suppose -13728 = -s - 10*s. Let l be (s - (-5 - -10)) + -2. Suppose 5*k - l = 5*x - 196, -4*x + 20 = 0. What is the units digit of k?
4
Let m = -1245 + -201. Let q = m + 2421. What is the tens digit of q?
7
Let g(n) = -3*n**3 + 71*n**2 + 151*n - 51. What is the tens digit of g(21)?
4
Let u(b) = -5*b**2 - 1083*b + 73. What is the tens digit of u(-76)?
0
Let n(o) = 2*o - 12. Let t be (12/36)/(1/21). Let d be n(t). Let w(u) = 22*u**2 + 3*u + 2. What is the tens digit of w(d)?
9
Suppose -38*w + 32*w = -6. What is the units digit of (5 + -7 - w) + 82?
9
Suppose 15 = -i + 5*x, -5*x + 21 = i - x. Suppose 5*s - 4*s + 1 = -2*f, -4*s + 8 = i*f. Suppose 0 = 2*r - 5*g - 438, -g + 3 = s. What is the tens digit of r?
0
Suppose -3*k - c = -12995, -3*k = -2*c - 2*c - 12970. Suppose -2*y - 3*y - k = -3*a, -3*a - 4*y = -4366. What is the hundreds digit of a?
4
Let f = 981 + -393. Suppose -143*x = -141*x - f. What is the hundreds digit of x?
2
Let m(q) = -q**2 - 3*q + 60. Let g be m(7). What is the thousands digit of (g/2 - (-42 + 45))*-131?
1
What is the tens digit of -7*2/(-56) + 0 + (-273015)/(-4)?
5
Let p be (0 - 1)/(1/(-3)). Suppose p*g = -2*g + 4*m + 117, -4*m = 3*g - 51. What is the units digit of (16/(-6)*g/(-4))/1?
4
Let y(s) = 318*s**2 - 98*s + 379. What is the hundreds digit of y(9)?
2
Let h(r) be the second derivative of -r**5/20 + 7*r**4/4 - 19*r**3/6 - 14*r**2 + 24*r. Let d be h(20). Let j = d + 18. What is the tens digit of j?
1
Suppose 11*v - 4 = 7*v, 2*i - 10404 = 4*v. What is the hundreds digit of i?
2
Suppose 15655*w - 15720*w = -4072900. What is the thousands digit of w?
2
Let k be ((-5)/(-3))/((-88)/(-264)). What is the units digit of (-980 + -3)/(k - 2 - 4)?
3
Let l(d) = -122*d**3 + 32*d**2 - 15*d + 52. What is the thousands digit of l(-5)?
6
What is the tens digit of -10 + (5/(-1))/((-135)/175284)?
8
Let u(w) = w**3 + w**2 - 31*w - 7. Let h(n) = 3*n**3 + 5*n**2 - 125*n - 27. Let a(m) = 2*h(m) - 9*u(m). What is the units digit of a(-5)?
4
Let t = 21 - 16. Suppose -3*k + n + 197 = -t*k, -5*n = 3*k + 306. What is the units digit of (-1 - k) + 0/4 + 2?
8
Suppose b - h = 152, 10*h = -4*b + 12*h + 608. Let n = b + -136. What is the units digit of n?
6
Suppose 20 = -4*g + 300. Suppose -3*s - g = -205. Suppose -s + 185 = 4*b. What is the units digit of b?
5
Let x(h) = 1552*h**3 + h**2 - 13. What is the thousands digit of x(2)?
2
Let o(z) = 173*z - 71. Suppose 4*l - 4 = 2*n, 2*n + 5*l + 10 = 7*n. What is the tens digit of o(n)?
6
What is the units digit of ((43 + -1)*19/(-76))/(54/(-39888))?
6
Let a be 2/3*-9*(-6)/36. Let k(f) = 195*f + 10. What is the hundreds digit of k(a)?
2
Suppose 5*m = -3*h + 177, 9*m - 9 = 6*m. Suppose 0 = h*l - 51*l - 711. What is the hundreds digit of l?
2
Suppose 240*v = 1077461 - 31781. What is the hundreds digit of v?
3
Let m(w) be the third derivative of w**5/60 - w**4/6 + w**3/3 - 6*w**2. Let d = 68 - 63. What is the units digit of m(d)?
7
Let d(t) = -10*t + 73. Let u be d(7). Suppose -2*l + 383 = u*i, -l + 33 = -5*i - 191. What is the hundreds digit of l?
1
Let t(k) be the third derivative of 0*k + 1/60*k**5 + 0 + 2/3*k**4 - 59/6*k**3 + 38*k**2. What is the hundreds digit of t(-25)?
1
Suppose 0 = -19*y + 2*y + 136. Suppose -1240 = -5*p - 5*x, 9*p - 5*x - 278 = y*p. What is the tens digit of p?
5
What is the units digit of 3*(-2)/(-24) + (123673/(-4))/(-11)?
1
Let k = 65979 - 31472. What is the hundreds digit of k?
5
Let s = 36 - 40. What is the units digit of (-219)/(3/24*s)?
8
Let y(c) be the first derivative of c**2 - 16*c + 24. Let f be y(7). What is the hundreds digit of (11 + 2)/(f/(-18))?
1
Let t = 174 + -160. Suppose 0 = t*x - 17*x + 660. What is the hundreds digit of x?
2
Let d(w) be the first derivative of 3/2*w**2 - 10/3*w**3 - 3 - 11*w + 1/4*w**4. What is the units digit of d(10)?
9
Suppose 5*d + 16 = 2*k, -2*k + 6 = -3*d + k. Let q be 2 - -6*(-916)/d. Suppose -2*y = -10*y + q. What is the tens digit of y?
7
Suppose 45*y + 130555 = 13*y + 563419. What is the hundreds digit of y?
5
Suppose -4*u = 3*m - 15, 4*m + 2*u - 19 - 1 = 0. Suppose m*r = -3*n + 1734, 0*r + 2*n = -5*r + 1731. What is the units digit of r?
5
Suppose 14202 = 2*w - 11*w. Let n = w + 1080. What is the units digit of (-3)/((-195)/(-10)) + n/(-26)?
9
Suppose 110*u + 103*u - 176*u - 326377 = 0. What is the thousands digit of u?
8
Let c be 199*(-39)/(-12) - 18/24. Suppose 3*m - 1925 = 2*b, 0*m - c = -m + 5*b. What is the hundreds digit of m?
6
Let g(v) = -v**2 + 12*v + 32. Let b be g(13). Suppose 0 = 2*a + b - 339. What is the hundreds digit of a?
1
Suppose -53*f + 358038 + 910199 = 0. What is the thousands digit of f?
3
Suppose 3 - 1 = -2*v. Let n be (282 - -5) + v + -1. Suppose -5*u = -3*c - 283, -3*u + 5*c + n = 2*u. What is the units digit of u?
6
Suppose 10 = -3*k - 2*v, -10 - 4 = 4*k + 3*v. What is the tens digit of k + -4 + (224 - 1)?
1
Let y(w) = -40*w - 2*w + 11*w - 12 - 30*w. What is the hundreds digit of y(-2)?
1
Let m(n) = 44*n**3 - 9*n**2 + 29*n + 8. Let c(k) = 15*k**3 - 3*k**2 + 10*k + 3. Let z(s) = -17*c(s) + 6*m(s). What is the tens digit of z(4)?
4
Suppose h - 1 = 0, 0 = 4*v + 2*h - 407388 + 60050. What is the units digit of v?
4
Let m(k) = 66*k + 26 + 12*k + 36*k. What is the units digit of m(5)?
6
Let p(x) = -24*x + 98. Let b(k) = 26*k - 97. Let q(d) = 3*b(d) + 2*p(d). What is the units digit of q(16)?
5
Let i = 25795 + -16200. What is the tens digit of i?
9
Suppose 7*r - 2*r - 20 = 0. Suppose 2*n = 2*a + 14, -2*n - r*a = -a - 19. What is the unit